 9, what is -231708 + 2753?
-227845
In base 4, what is 1231113320301 + 121?
1231113321022
In base 13, what is -18a543 + 1c?
-18a524
In base 9, what is -81135386 - 5?
-81135402
In base 11, what is 0 + 53a1500?
53a1500
In base 10, what is -182065701 + -4?
-182065705
In base 14, what is -18d94 - 9?
-18d9d
In base 14, what is 858 - -48da?
5354
In base 9, what is -572 - -53867?
53285
In base 6, what is -2314 + -12102?
-14420
In base 3, what is 2010100222020120 - 0?
2010100222020120
In base 16, what is -1a3 + -abc2c?
-abdcf
In base 12, what is -726 + -162a0?
-16a06
In base 16, what is 4f1aba + a2?
4f1b5c
In base 14, what is 81790 - b?
81783
In base 5, what is -1140403404312 - -2?
-1140403404310
In base 15, what is -2685d1 - -1c?
-2685b4
In base 4, what is -202222310 + -301?
-202223211
In base 15, what is -2 + -2041389?
-204138b
In base 4, what is -12032230 + -21301?
-12120131
In base 6, what is 55025404 + -240?
55025124
In base 11, what is -36 + -67404a?
-674085
In base 13, what is 6b62 - -351?
71b3
In base 3, what is 20200221010 - -221?
20200222001
In base 3, what is 11 + 2012020012102?
2012020012120
In base 11, what is -349 - -283a3?
28055
In base 5, what is -112214 - 24243?
-142012
In base 7, what is -10533665426 + -3?
-10533665432
In base 3, what is -210020022002200 + -2?
-210020022002202
In base 14, what is -27645d + 11?
-27644c
In base 10, what is 376441 - 771?
375670
In base 2, what is -1100111 - 11000101100010?
-11000111001001
In base 12, what is 155925 - -b6?
155a1b
In base 6, what is -30 - -21141?
21111
In base 5, what is 123 - -243422231?
243422404
In base 5, what is -4 + 30344230400?
30344230341
In base 11, what is -1945965 - 11?
-1945976
In base 9, what is 20173 - -637?
20821
In base 9, what is 68253 - -8607?
77861
In base 2, what is -111000101 - 1001100100101110?
-1001101011110011
In base 10, what is -4 - -958021?
958017
In base 4, what is 101 + -1213233311303?
-1213233311202
In base 13, what is -2bbb31 + 2?
-2bbb2c
In base 12, what is 59bb + -1669?
4352
In base 9, what is -114 - -5343?
5228
In base 9, what is 2066354 - -2?
2066356
In base 14, what is -735 - 4b6c0?
-4c015
In base 12, what is 41 - -42916?
42957
In base 9, what is -2150136358 + 0?
-2150136358
In base 9, what is 553 - 22721?
-22157
In base 4, what is -121232121 + 30110?
-121202011
In base 9, what is 5855778 + -66?
5855712
In base 7, what is -44333631 - 2?
-44333633
In base 9, what is 13300487 - -4?
13300502
In base 15, what is -1ed + -3b42?
-3d40
In base 10, what is 3552 - -8357?
11909
In base 3, what is 10221010 - -22112201?
110110211
In base 11, what is 291a376 - 23?
291a353
In base 6, what is 1 - 532413320?
-532413315
In base 4, what is -310220 - -1231030310?
1230120030
In base 6, what is -311 - -13224041?
13223330
In base 16, what is -fe + -10f5b?
-11059
In base 2, what is 11110111001 + 110001001100101001?
110001101011100010
In base 9, what is 37 + 6712243?
6712281
In base 11, what is 279a2462 + -1?
279a2461
In base 3, what is -10002121011111111 + -22?
-10002121011111210
In base 3, what is 11022 - 1121102101012?
-1121102012220
In base 2, what is 111100111101111000111000111 + -11?
111100111101111000111000100
In base 12, what is -50 - -13a07?
13977
In base 5, what is -3 - 200211420?
-200211423
In base 11, what is -46 + -1151829?
-1151874
In base 5, what is -441031114220 - -3?
-441031114212
In base 6, what is -512540 - -12031?
-500505
In base 4, what is 10210011 + -133111?
10010300
In base 6, what is 15500 - -23504?
43404
In base 5, what is 131020042012 + 0?
131020042012
In base 4, what is -3000233300023 + 0?
-3000233300023
In base 5, what is -3244 - -134304124?
134300330
In base 13, what is -5226 + 3700?
-1826
In base 12, what is 3044a2 + 2?
3044a4
In base 2, what is -101111101101000 + -10101000?
-110000000010000
In base 16, what is 33721d - a?
337213
In base 11, what is 6a7 - 33306?
-3270a
In base 7, what is -12160206 - 100?
-12160306
In base 2, what is -110001010010 + -100110011?
-110110000101
In base 9, what is -1324654 + -1?
-1324655
In base 7, what is -4 - 144005134?
-144005141
In base 13, what is -5cb6a + 90a?
-5c260
In base 11, what is -61a - -6047?
5528
In base 14, what is 60524b + -3c?
60520d
In base 2, what is 1101001000 - -111000110011?
1000101111011
In base 5, what is -22 - -134410144?
134410122
In base 7, what is -21156 - 61030?
-112216
In base 3, what is -11 + 1002220010202220?
1002220010202202
In base 13, what is 11b080a - 10?
11b07ca
In base 6, what is -10 - -42235401?
42235351
In base 7, what is 30513 - -1523?
32336
In base 6, what is 223554445 - -4?
223554453
In base 12, what is -1 + -43025673?
-43025674
In base 3, what is -221 - -1111110011111?
1111110010120
In base 7, what is -36001602 + 5?
-36001564
In base 12, what is 444 - 8b87?
-8743
In base 12, what is 4b54 - -2a4a?
79a2
In base 3, what is -1100101 - 1001210201?
-1010011002
In base 3, what is 2200200112211202 - 0?
2200200112211202
In base 4, what is 223323311 - -132?
223330103
In base 12, what is 501 + -39b1a?
-39619
In base 2, what is 1110001 + -100001010110100101?
-100001010100110100
In base 11, what is -267081 + -4?
-267085
In base 14, what is -2 - -30483b9?
30483b7
In base 15, what is 26 + -1502c?
-15006
In base 9, what is 766004551 - -5?
766004556
In base 6, what is 301115 - 334024?
-32505
In base 15, what is -317063 - -19?
-317049
In base 9, what is 5557530 + 14?
5557544
In base 15, what is 3 + 95e76a?
95e76d
In base 4, what is -10 - -2010020012121?
2010020012111
In base 12, what is -4 - 561495?
-561499
In base 15, what is a72 + 5a00?
6572
In base 11, what is -76945 - -556?
-7639a
In base 16, what is -11b523d7 - 1?
-11b523d8
In base 4, what is 2112 + -1022002302?
-1022000130
In base 6, what is -12230 + 3102?
-5124
In base 2, what is -11111001100 - 10011100100111?
-10111011110011
In base 15, what is 3dc1b0 + -b9?
3dc0e6
In base 10, what is 893439 - -27?
893466
In base 5, what is 311043443 - 4?
311043434
In base 3, what is 2 + -20100101101200211?
-20100101101200202
In base 12, what is 746 - -b63?
16a9
In base 10, what is -23667 + -4136?
-27803
In base 16, what is 239a9fb + 4?
239a9ff
In base 7, what is 5124421106 - -2?
5124421111
In base 9, what is 1765312404 - 2?
1765312402
In base 2, what is -100111010111110110 + 10111011?
-100111010100111011
In base 11, what is -279003820 - -5?
-279003816
In base 13, what is -32b962 + 476?
-32b4b9
In base 5, what is 1001431 + -310242?
141134
In base 12, what is -100712 - a7?
-1007b9
In base 2, what is -10011 + -1101000010011101010?
-1101000010011111101
In base 10, what is -2095782 - 5?
-2095787
In base 12, what is -25 - -9260691?
9260668
In base 16, what is 11 - 1652d93?
-1652d82
In base 4, what is 11222 - 20110?
-2222
In base 8, what is 130 - 7564456?
-7564326
In base 5, what is 134220444001 - -42?
134220444043
In base 9, what is -51215 - 3374?
-54600
In base 5, what is -34130 + -3412230?
-4001410
In base 9, what is -8554 + 2733?
-5721
In base 5, what is 23131 + 10401241?
10424422
In base 6, what is -2401011 - 21?
-2401032
In base 14, what is -75acbd9 + 0?
-75acbd9
In base 15, what is -a3ba99 - 5?
-a3ba9e
In base 12, what is 108 - -80a4?
81b0
In base 16, what is 97 + -b63?
-acc
In base 4, what is -20 + 20013200232?
20013200212
In base 4, what is 2 - 120200032323301?
-120200032323233
In base 5, what is 100312133 - -30?
100312213
In base 11, what is -968550 + -31?
-968581
In base 11, what is 124816 - -19?
124834
In base 7, what is 10 - 201410045?
-201410035
In base 2, what is -1001010001101000100 + 10111?
-1001010001100101101
In base 11, what is -47039 - -4a?
-46a9a
In base 15, what is 1 + -22b776?
-22b775
In base 2, what is -100 + -1001110000111001110011100001?
-1001110000111001110011100101
In base 3, what is -11 + -2001020220112?
-2001020220200
In base 11, what is 480095 - 305?
47a890
In base 11, what is 13a713 - 62?
13a661
In base 8, what is 6135 + 6477?
14634
In base 11, what is -3 - -116a107?
116a104
In base 15, what is -50ad0 + -ab?
-50b8b
In base 15, what is 74 - 3e7092?
-3e701d
In base 8, what is 4 - -110170602?
110170606
In base 12, what is -24247a - -1?
-242479
In base 3, what is 12 - 1102002210001200?
-1102002210001111
In base 13, what is -bc2c03 + -39?
-bc2c3c
In base 12, what is b26 + 346?
1270
In base 7, what is -541662 - -2612?
-536050
